s(k) = -k**2 + 9*k + 18. Calculate s(10).
8
Let f(j) = j**2 - 2*j - 4. What is f(3)?
-1
Let x(t) = -t**3 + 6*t**2 - 4*t - 13. What is x(4)?
3
Let f(q) = -q**3 - 2*q**2 + 3*q + 2. Give f(-4).
22
Let l(c) = -18*c - 6. Calculate l(-1).
12
Let i(y) = 3*y + 19. What is i(23)?
88
Let y(l) = l**2 + 17*l + 60. Determine y(-4).
8
Let g(d) = 11*d - 2. Give g(2).
20
Let o(b) = -b**3 + 8*b**2 + 19*b + 26. Determine o(10).
16
Let m(u) = -u**3 - 17*u**2 + 15. Give m(-17).
15
Let a(t) = 2*t - 7. What is a(-4)?
-15
Let c(n) = -n**3 + 21*n**2 + 25*n - 74. Calculate c(22).
-8
Let p(k) = 114*k + 80. Calculate p(-1).
-34
Let c(m) = -53*m - 268. Give c(-5).
-3
Let v(w) = -w**2 + 19*w - 6. Determine v(16).
42
Let k(q) = -4*q + 72. Calculate k(22).
-16
Let h(z) = -15*z**2 + 58*z + 11. What is h(4)?
3
Let c(w) = w**2 - 15*w + 3. Determine c(13).
-23
Let b(l) = -4*l - 28. What is b(-6)?
-4
Let v(a) = 14*a + 2. What is v(-2)?
-26
Let p(z) = -z**3 - 6*z**2 + 7*z + 7. Determine p(-7).
7
Let s(c) = -2*c**3 + 33*c**2 + 18*c - 23. What is s(17)?
-6
Let n(y) = y**2 - 17*y - 13. Calculate n(18).
5
Let j(q) = q**3 - 8*q**2 - 3*q - 11. What is j(8)?
-35
Let c(d) = -d**2 - 3*d + 9. Give c(6).
-45
Let s(z) = -z**3 - 8*z**2 + 12*z + 16. What is s(-7)?
-117
Let h(a) = -a**3 + 6*a**2 - 3. What is h(6)?
-3
Let a(d) = -d**3 + 20*d**2 + 19*d + 12. Determine a(21).
-30
Let b(u) = -2*u**3 - 3*u**2 - 4*u + 13. Determine b(3).
-80
Let b(n) = -5*n - 35. What is b(-13)?
30
Let l(s) = 3*s**2 - 39*s + 3. What is l(13)?
3
Let c(o) = -o**3 + 6*o**2 - 15*o + 1. Calculate c(6).
-89
Let u(h) = 4*h - 1. Calculate u(9).
35
Let f(h) = h**2 + 6*h - 3. Calculate f(-8).
13
Let o(a) = 2*a**2 + 4*a + 1. Determine o(3).
31
Let x(m) = -85*m + 34. What is x(1)?
-51
Let d(y) = y + 14. Give d(-9).
5
Let t(u) = -u**3 - 7*u**2 - 13*u - 11. Determine t(-5).
4
Let f(m) = m**3 - 10*m**2 + 17*m + 6. Calculate f(8).
14
Let k(l) = l**3 - 10*l**2 - 9*l - 9. Determine k(11).
13
Let b(h) = -h**3 + 11*h**2 - 25*h + 4. What is b(8)?
-4
Let z(i) = -5*i**2 - 2*i - 7. Calculate z(-3).
-46
Let b(m) = m**3 - 6*m**2 - 13*m - 16. Calculate b(8).
8
Let r(d) = d**3 - 4*d**2 + 8*d - 65. Calculate r(5).
0
Let r(n) = -n**2 - n + 40. What is r(-7)?
-2
Let u(f) = -f - 6. Determine u(-11).
5
Let y(z) = 24*z + 60. Determine y(-2).
12
Let z(h) = 13*h**2 + 2*h + 1. Give z(-1).
12
Let n(b) = -b**3 - 7*b**2 - 7*b - 6. Calculate n(-6).
0
Let w(q) = q**3 + 7*q**2 + 3*q - 8. Give w(-6).
10
Let r(n) = -n - 6. What is r(-6)?
0
Let s(m) = -9*m**2 - 198*m - 9. What is s(-22)?
-9
Let l(s) = 2*s**2 + 4*s + 6. Determine l(-4).
22
Let t(d) = -d**3 + 7*d**2 + 2*d - 15. What is t(7)?
-1
Let f(v) = 2*v**2 - 10*v - 6. Calculate f(6).
6
Let h(q) = -4*q**2 + 4*q + 5. Give h(3).
-19
Let l(q) = 14*q - 213. Give l(15).
-3
Let y(p) = p**2 + 16*p - 104. What is y(-21)?
1
Let h(s) = -11*s - 299. What is h(-27)?
-2
Let z(o) = 4*o - 14. Give z(-5).
-34
Let z(k) = k + 18. Give z(-10).
8
Let f(n) = 25*n**2 + 1. Determine f(-1).
26
Let n(g) = -7*g - 2. Calculate n(-12).
82
Let q(w) = 3*w + 27. Determine q(-8).
3
Let s(c) = -4*c - 4. Calculate s(5).
-24
Let c(y) = -y + 27. Calculate c(9).
18
Let c(d) = -12*d + 72. Give c(6).
0
Let m(x) = -x**2 + 15*x - 5. Calculate m(7).
51
Let f(g) = -33*g - 84. Calculate f(-3).
15
Let j(u) = u**3 + 10*u**2 - 12*u - 4. Give j(-11).
7
Let z(u) = -u**3 - 16*u**2 + 39*u + 39. What is z(-18)?
-15
Let p(l) = 3*l - 22. Give p(6).
-4
Let u(q) = -q**2 + 21*q - 82. Determine u(8).
22
Let f(y) = y**3 + 6*y**2 + 2*y - 2. Determine f(-2).
10
Let w(z) = -4*z - 16. Give w(-5).
4
Let f(x) = 2*x**2 + 7*x + 2. Determine f(-4).
6
Let y(n) = n**3 - 6*n**2 + 4*n + 4. Determine y(6).
28
Let q(v) = 53*v - 253. What is q(5)?
12
Let y(a) = -a - 12. Calculate y(-10).
-2
Let n(s) = 2*s + 8. Determine n(-7).
-6
Let r(m) = -m**3 + 2*m - 3. Determine r(0).
-3
Let q(n) = -3*n + 6. Calculate q(-8).
30
Let j(b) = -2*b - 68. Give j(-30).
-8
Let o(r) = -r**3 - 2. Give o(0).
-2
Let u(r) = r**2 - 6. Determine u(0).
-6
Let p(r) = -r**2 - 10*r - 3. Determine p(-8).
13
Let l(v) = 6*v + 38. Determine l(-7).
-4
Let v(q) = q - 13. Give v(3).
-10
Let l(k) = k**3 + 7*k**2 + 5*k - 21. What is l(-5)?
4
Let a(g) = g**3 - 45*g**2 + 298*g - 17. Calculate a(8).
-1
Let x(u) = 67*u**3 + 3*u**2 - 3*u + 1. Calculate x(1).
68
Let l(r) = -r**3 - 6*r**2 - 2*r + 4. What is l(-4)?
-20
Let z(v) = -14*v**2 - 5*v - 7. Determine z(-3).
-118
Let c(r) = -r**3 - 18*r**2 - 60*r - 49. Calculate c(-14).
7
Let k(v) = v**3 - 8*v**2 + 7*v - 7. Give k(7).
-7
Let q(h) = -h**3 + 37*h**2 - 34*h + 29. Calculate q(36).
101
Let o(l) = 8*l - 10. Give o(4).
22
Let p(a) = a**3 + a**2 - 12*a. Determine p(-3).
18
Let z(k) = -10*k + 22. Calculate z(3).
-8
Let g(k) = -k**3 + 8*k**2 + 35*k - 13. Determine g(11).
9
Let o(p) = p**2 - 9*p - 2. What is o(8)?
-10
Let n(h) = h**3 - 15*h**2 + 25*h + 19. Calculate n(13).
6
Let y(n) = -n**3 - 3*n + 3. Give y(3).
-33
Let f(a) = -a + 25. Give f(0).
25
Let d(x) = -4*x**3 - x**2 + x + 1. Calculate d(-1).
3
Let i(d) = -d**3 + 8*d**2 + 4*d - 18. Determine i(8).
14
Let i(z) = 4*z**2 + 10*z + 4. Calculate i(-2).
0
Let a(k) = -3*k**2 - 3*k - 6. Calculate a(0).
-6
Let q(z) = -z**2 - 3*z - 2. What is q(-3)?
-2
Let w(u) = -u**2 + 21*u + 94. What is w(25)?
-6
Let f(q) = -q - 2. What is f(-10)?
8
Let r(u) = 4*u**2 - 12*u - 25. What is r(-3)?
47
Let g(q) = -9*q - 23. Determine g(-6).
31
Let z(l) = -5*l**3 - l**2 + 2*l - 1. What is z(1)?
-5
Let o(a) = a**2 - 37*a + 131. Determine o(33).
-1
Let v(u) = 2*u**2 - 7*u + 4. What is v(4)?
8
Let d(g) = -4*g - 47. What is d(-16)?
17
Let s(i) = -i**3 - 6*i**2 - 4*i + 7. Calculate s(-5).
2
Let l(w) = 2*w**3 + 12*w**2 - 6*w - 12. Calculate l(-6).
24
Let o(i) = i**3 - 3*i**2 - 2*i - 5. Determine o(4).
3
Let m(v) = -v**3 + 27*v**2 + 88*v + 71. Calculate m(30).
11
Let q(i) = -44*i + 2. Calculate q(1).
-42
Let y(x) = -x**3 - 14*x**2 - 3*x - 35. What is y(-14)?
7
Let j(g) = g**2 - 47*g + 217. What is j(42)?
7
Let c(j) = j - 8. Give c(-5).
-13
Let b(s) = -3*s - 6. What is b(0)?
-6
Let f(n) = 21*n - 357. What is f(17)?
0
Let b(f) = 6*f + 1. Determine b(0).
1
Let c(a) = -13*a + 53. What is c(6)?
-25
Let s(j) = j**3 + 14*j**2 - 2*j - 8. Give s(-14).
20
Let v(m) = -m**2 + 7*m + 4. Give v(4).
16
Let z(b) = -b**3 + 7*b**2 + 3*b - 4. Calculate z(7).
17
Let x(t) = -t**2 - 4*t - 2. Calculate x(-4).
-2
Let h(p) = -p**3 + 15*p**2 - 3. Determine h(15).
-3
Let c(h) = -h + 10. Calculate c(11).
-1
Let y(u) = -3*u - 17. Determine y(-7).
4
Let n(l) = -29*l + 379. Give n(13).
2
Let o(x) = 7*x**3 + 3*x**2 - 3*x + 1. Calculate o(1).
8
Let u(m) = m**2 + 8*m + 12. What is u(-2)?
0
Let r(o) = o**3 + 5*o**2 + 26*o + 51. Calculate r(-3).
-9
Let y(z) = z**3 - 2*z**2 - 2*z + 6. What is y(3)?
9
Let x(a) = a**2 - 13. What is x(4)?
3
Let n(b) = 2*b - 11. What is n(8)?
5
Let z(x) = 8*x + 121. Give z(-15).
1
Let q(h) = -h + 10. Calculate q(16).
-6
Let k(n) = -n**2 + 10*n - 23. What is k(6)?
1
Let k(n) = 9*n + 17. Determine k(-2).
-1
Let m(p) = p**2 + 2*p + 6. What is m(-6)?
30
Let o(y) = -y**2 + 12*y. What is o(7)?
35
Let y(l) = l**2 - 3*l - 12. Calculate y(-5).
28
Let r(q) = -5*q**3 + q**2 + 4*q + 3. Give r(-1).
5
Let k(y) = -y**2 - 27*y - 34. What is k(-14)?
148
Let k(w) = -w**3 + 6*w**2 + 4*w - 5. Give k(7).
-26
Let u(w) = w**3 - 23*w**2 + 45*w - 57. Determine u(21).
6
Let n(o) = 6*o + 224. Calculate n(-37).
2
Let q(k) = -8*k + 27. What is q(4)?
-5
Let s(a) = -9*a + 73. What is s(8)?
1
Let p(x) = -2*x + 44. What is p(22)?
0
Let v(a) = -a**2 + 3*a - 1. Give v(4).
-5
Let v(w) = 2*w**2 + 13*w + 10. Calculate v(-7).
17
Let l(k) = 3*k**2 - k - 4. Calculate l(2).
6
Let s(z) = 10*z - 8. Give s(6).
52
Let o(h) = -2*h + 13. Give o(7).
-1
Let h(g) = g**3 - 5*g**2 + 7*g - 18. Determine h(3).
-15
Let a(h) = -2*h - 7. What is a(-2)?
-3
Let o(d) = -13*d + 26. What is o(2)?
0
Let h(k) = 2*k - 3. Give h(-2).
-7
Let i(f) = -f**3 - 2*f**2 + 2*f - 7. Determine i(-3).
-4
Let a(q) = q**3 + 8*q**2 + 5*q - 13. Determine a(-6).
29
Let c(l) = -l**2 - 20*l - 67. Give c(-16).
-3
Let h(o) = o**3 + 7*o**2 + 10*o + 19. Determine h(-6).
-5
Let i(h) = -12*h + 10. Determine i(1).
-2
Let w(j) = j**2 - 3*j - 68. Calculate w(10).
2
Let z(m) = 11*m - 259. Calculate z(24).
5
Let l(m) = -6*m - 87. Calculate l(-19).
27
Let l(w)